{"id":47,"date":"2017-07-06T10:31:43","date_gmt":"2017-07-06T10:31:43","guid":{"rendered":"http:\/\/electriman.net\/?page_id=47"},"modified":"2017-12-16T11:40:54","modified_gmt":"2017-12-16T11:40:54","slug":"shortcodes","status":"publish","type":"page","link":"http:\/\/electriman.net\/?page_id=47","title":{"rendered":"FAQ"},"content":{"rendered":"<p>[vc_row][vc_column][vc_column_text]<\/p>\n<h2 style=\"text-align: center;\">Preguntas frecuentes<\/h2>\n<div class=\"dummy\"><\/div>\n<p>[\/vc_column_text][\/vc_column][vc_column width=\u00bb1\/2&#8243;][vc_tta_accordion shape=\u00bbsquare\u00bb c_icon=\u00bbchevron\u00bb c_position=\u00bbright\u00bb active_section=\u00bb1&#8243; no_fill=\u00bbtrue\u00bb][vc_tta_section title=\u00bb\u00bfComo puedo bajar el coste de la factura electrica?\u00bb tab_id=\u00bb1498134750982-8ec1bd0b-0ef3&#8243;][vc_column_text]Lorem ipsum dolor sit amet, consectetuer adipiscing elit. Aenean commodo ligula eget dolor. Cum sociis natoque penatibus et magnis dis parturient montes, nascetur ridiculus mus. Nulla nisl mi, sagittis vitae dolor non, gravida pulvinar odio.[\/vc_column_text][\/vc_tta_section][vc_tta_section title=\u00bb\u00bfQue es un corto circuito?\u00bb tab_id=\u00bb1498134751122-22538824-bd18&#8243;][vc_column_text]Lorem ipsum dolor sit amet, consectetuer adipiscing elit. Aenean commodo ligula eget dolor. Cum sociis natoque penatibus et magnis dis parturient montes, nascetur ridiculus mus. Nulla nisl mi, sagittis vitae dolor non, gravida pulvinar odio.[\/vc_column_text][\/vc_tta_section][vc_tta_section title=\u00bb\u00bfCada cuanto deber\u00eda revisar mi instalaci\u00f3n el\u00e9ctrica?\u00bb tab_id=\u00bb1498134801669-1d72e493-1e71&#8243;][vc_column_text]Lorem ipsum dolor sit amet, consectetuer adipiscing elit. Aenean commodo ligula eget dolor. Cum sociis natoque penatibus et magnis dis parturient montes, nascetur ridiculus mus. Nulla nisl mi, sagittis vitae dolor non, gravida pulvinar odio.[\/vc_column_text][\/vc_tta_section][vc_tta_section title=\u00bb\u00bfPor qu\u00e9 mis detectores de humo pitan?\u00bb tab_id=\u00bb1499333460082-e4234802-fdf6&#8243;][vc_column_text]Lorem ipsum dolor sit amet, consectetuer adipiscing elit. Aenean commodo ligula eget dolor. Cum sociis natoque penatibus et magnis dis parturient montes, nascetur ridiculus mus. Nulla nisl mi, sagittis vitae dolor non, gravida pulvinar odio.[\/vc_column_text][\/vc_tta_section][vc_tta_section title=\u00bb\u00bfPuedo tocar mi cuadro de palancas?\u00bb tab_id=\u00bb1499333546824-6041c38a-ef9d\u00bb][vc_column_text]Lorem ipsum dolor sit amet, consectetuer adipiscing elit. Aenean commodo ligula eget dolor. Cum sociis natoque penatibus et magnis dis parturient montes, nascetur ridiculus mus. Nulla nisl mi, sagittis vitae dolor non, gravida pulvinar odio.[\/vc_column_text][\/vc_tta_section][\/vc_tta_accordion][\/vc_column][vc_column width=\u00bb1\/2&#8243; offset=\u00bbvc_hidden-lg vc_hidden-md vc_hidden-sm\u00bb][vc_empty_space alter_height=\u00bbmedium\u00bb hide_on_desktop=\u00bb\u00bb hide_on_notebook=\u00bb\u00bb hide_on_tablet=\u00bb\u00bb hide_on_mobile=\u00bb\u00bb][\/vc_column][vc_column width=\u00bb1\/2&#8243;][vc_tta_tabs shape=\u00bbsquare\u00bb spacing=\u00bb\u00bb active_section=\u00bb1&#8243; no_fill_content_area=\u00bbtrue\u00bb][vc_tta_section title=\u00bbLorem ipsum dolor\u00bb tab_id=\u00bb1498134875103-21c2edd0-c6e4&#8243;][vc_column_text]<\/p>\n<h3 style=\"text-align: center;\"><img loading=\"lazy\" decoding=\"async\" class=\"aligncenter wp-image-57 size-full\" src=\"http:\/\/electriman.net\/wp-content\/uploads\/2017\/07\/img_tab.jpg\" alt=\"\" width=\"570\" height=\"280\" srcset=\"http:\/\/electriman.net\/wp-content\/uploads\/2017\/07\/img_tab.jpg 570w, http:\/\/electriman.net\/wp-content\/uploads\/2017\/07\/img_tab-300x147.jpg 300w, http:\/\/electriman.net\/wp-content\/uploads\/2017\/07\/img_tab-370x182.jpg 370w\" sizes=\"auto, (max-width: 570px) 100vw, 570px\" \/><\/h3>\n<p style=\"text-align: left;\">Lorem ipsum dolor sit amet, consectetuer adipiscing elit. Aenean commodo ligula eget dolor. Aenean massa. Cum sociis natoque penatibus et magnis dis parturient montes, nascetur ridiculus mus.<\/p>\n<p>[\/vc_column_text][\/vc_tta_section][vc_tta_section title=\u00bbNam aliquet magna\u00bb tab_id=\u00bb1498134875241-cad720dd-2c05&#8243;][vc_column_text]<\/p>\n<h3 style=\"text-align: center;\"><img loading=\"lazy\" decoding=\"async\" class=\"aligncenter wp-image-57 size-full\" src=\"http:\/\/electriman.net\/wp-content\/uploads\/2017\/07\/img_tab.jpg\" alt=\"\" width=\"570\" height=\"280\" srcset=\"http:\/\/electriman.net\/wp-content\/uploads\/2017\/07\/img_tab.jpg 570w, http:\/\/electriman.net\/wp-content\/uploads\/2017\/07\/img_tab-300x147.jpg 300w, http:\/\/electriman.net\/wp-content\/uploads\/2017\/07\/img_tab-370x182.jpg 370w\" sizes=\"auto, (max-width: 570px) 100vw, 570px\" \/><\/h3>\n<p style=\"text-align: left;\">Lorem ipsum dolor sit amet, consectetuer adipiscing elit. Aenean commodo ligula eget dolor. Aenean massa. Cum sociis natoque penatibus et magnis dis parturient montes, nascetur ridiculus mus.<\/p>\n<p>[\/vc_column_text][\/vc_tta_section][\/vc_tta_tabs][\/vc_column][\/vc_row][vc_row full_width=\u00bbstretch_row\u00bb][vc_column][vc_separator][\/vc_column][\/vc_row][vc_row full_width=\u00bbstretch_row\u00bb][vc_column width=\u00bb1\/2&#8243;][vc_column_text]<\/p>\n","protected":false},"excerpt":{"rendered":"<p>[vc_row][vc_column][vc_column_text] Preguntas frecuentes [\/vc_column_text][\/vc_column][vc_column width=\u00bb1\/2&#8243;][vc_tta_accordion shape=\u00bbsquare\u00bb c_icon=\u00bbchevron\u00bb c_position=\u00bbright\u00bb active_section=\u00bb1&#8243; no_fill=\u00bbtrue\u00bb][vc_tta_section title=\u00bb\u00bfComo puedo bajar el coste de la factura electrica?\u00bb tab_id=\u00bb1498134750982-8ec1bd0b-0ef3&#8243;][vc_column_text]Lorem ipsum dolor sit amet, consectetuer adipiscing elit. Aenean commodo ligula eget dolor. Cum sociis natoque penatibus et magnis dis parturient montes, nascetur ridiculus mus. Nulla nisl mi, sagittis vitae dolor non, gravida pulvinar odio.[\/vc_column_text][\/vc_tta_section][vc_tta_section title=\u00bb\u00bfQue es un corto circuito?\u00bb tab_id=\u00bb1498134751122-22538824-bd18&#8243;][vc_column_text]Lorem&hellip;<\/p>\n","protected":false},"author":1,"featured_media":0,"parent":0,"menu_order":0,"comment_status":"closed","ping_status":"closed","template":"","meta":{"_exactmetrics_skip_tracking":false,"_exactmetrics_sitenote_active":false,"_exactmetrics_sitenote_note":"","_exactmetrics_sitenote_category":0,"footnotes":""},"class_list":["post-47","page","type-page","status-publish","hentry"],"_links":{"self":[{"href":"http:\/\/electriman.net\/index.php?rest_route=\/wp\/v2\/pages\/47","targetHints":{"allow":["GET"]}}],"collection":[{"href":"http:\/\/electriman.net\/index.php?rest_route=\/wp\/v2\/pages"}],"about":[{"href":"http:\/\/electriman.net\/index.php?rest_route=\/wp\/v2\/types\/page"}],"author":[{"embeddable":true,"href":"http:\/\/electriman.net\/index.php?rest_route=\/wp\/v2\/users\/1"}],"replies":[{"embeddable":true,"href":"http:\/\/electriman.net\/index.php?rest_route=%2Fwp%2Fv2%2Fcomments&post=47"}],"version-history":[{"count":6,"href":"http:\/\/electriman.net\/index.php?rest_route=\/wp\/v2\/pages\/47\/revisions"}],"predecessor-version":[{"id":641,"href":"http:\/\/electriman.net\/index.php?rest_route=\/wp\/v2\/pages\/47\/revisions\/641"}],"wp:attachment":[{"href":"http:\/\/electriman.net\/index.php?rest_route=%2Fwp%2Fv2%2Fmedia&parent=47"}],"curies":[{"name":"wp","href":"https:\/\/api.w.org\/{rel}","templated":true}]}}